v a prime number?
False
Let q(u) = -2*u + 6. Let x be q(2). Suppose -4*r - 1 = -x*o + 3, -r - 1 = -o. Let b(a) = a + 121. Is b(o) composite?
True
Let b = 41 + -38. Let m be ((-2)/(-6))/((-1)/b). Is (m + -1)/(6/(-4083)) a prime number?
True
Let h be 8*1/(-2) + 7. Suppose -h*u - 2*u = -2*z - 4540, 2*u - 2*z = 1816. Suppose 9*a - 6677 = -u. Is a a composite number?
False
Is 5/(-40)*188*-878 a composite number?
True
Suppose 0 = -r - 10 + 67. Let o = r + -54. Suppose 4*k = 2*q + 21186, -o*q + 2 = -1. Is k a composite number?
False
Let d = -1196675 - -1706722. Is d prime?
True
Let m be 2/(-14) + 0 + (-3021880)/(-1085). Suppose 416 + m = 11*o. Is o a prime number?
False
Let z(o) = -o**3 - o**2 - o. Let a(j) = 2*j**3 + 13*j**2 + 14*j + 2. Let s(b) = a(b) + 3*z(b). Let h be s(11). Let g(c) = 9*c + 1. Is g(h) a composite number?
False
Let c(w) be the second derivative of -w**3 + 11*w + 0 + 7/2*w**2 + 2/3*w**4. Is c(12) a composite number?
False
Suppose -3*v = -3*t - 51351, -5*v - t - 68486 = -9*v. Is v prime?
True
Let x = 102471 + -10738. Is x a prime number?
True
Suppose -l + 0*l + 16 = 5*d, 2*d - 3*l - 20 = 0. Suppose 61779*x = 61760*x + 38. Suppose -d*j = -x*t + 1334, 6*t - 1337 = 4*t + 3*j. Is t composite?
False
Let s be 3 - (1 + 0)*2. Is ((-2274)/(s + 2))/(2/(-1)) composite?
False
Let k be 6/(-27) + 8/(216/97179). Let n = k + -1504. Is n a composite number?
True
Suppose 4*m + 1 = -f, -5*m - 4 = -8*m + 4*f. Let i(g) = 20*g + 6349. Is i(m) composite?
True
Let o = -41 - -41. Suppose -5*y + 7 + 13 = o. Suppose -3*a - 257 = -y*a. Is a prime?
True
Let m(p) = -3*p**3 - 5*p**2 - 3*p + 8. Let a be (-2)/(1 - 9/15). Let s be m(a). Suppose -s = -2*f - k, -f = -3*k - 92 - 27. Is f composite?
True
Let d = 177 + -183. Let m(j) = -285*j + 7. Is m(d) a prime number?
False
Suppose 0 = -p - 4*l + 4082, 11*p - 20385 = 6*p + 5*l. Suppose 3*a + 5*k = p, -a + 230 + 1106 = -3*k. Is a prime?
False
Suppose 0 = 43*w - 51*w + 43992. Suppose 4*d + 8 = 0, 3*x = -2*d + w + 7976. Is x prime?
True
Let j(f) = 1805*f - 22. Let v be j(3). Let z = 15094 - v. Is z a composite number?
True
Suppose 6*s - 1530918 = 2*q, 28*s - 5*q - 1020590 = 24*s. Is s a prime number?
False
Suppose -8*o = -22*o + 1080959 + 3804159. Is o a prime number?
True
Suppose -6*a = -13 + 7. Let u = 5 + -4. Is 1058 + -1 - (a + u) a composite number?
True
Let o be (-4)/(0/1 + (-4)/(-7960)). Let v = o + 14119. Is v composite?
True
Let l = 99305 + 10902. Is l a prime number?
False
Let p = -63 + 306. Is (13203/p)/((-1*1)/(-6)) a prime number?
False
Let f = 8 - -34. Let t = 44 - f. Suppose 5*y - 2705 = 5*p, 3*y + t*p - 1623 = 7*p. Is y prime?
True
Let h = -2310 + 6753. Suppose 10119 = 18*m - h. Is m composite?
False
Let v(i) = 2*i - i**2 - 3*i**3 + 462 + 2401 - 570. Is v(0) a composite number?
False
Let f be 3/((84/(-8))/(-7)). Suppose 0 = -f*a + 643 + 63. Suppose -4*d + a + 1003 = 0. Is d a composite number?
True
Suppose 165848 = 5*r - y, 3*r - 3*y - 17522 = 81994. Is r composite?
True
Suppose -l - 4 = 3*v - 7, v - 14 = 4*l. Suppose -16*w - 2*q = -19*w + 369, w - 123 = -v*q. Is w a composite number?
True
Let i = -8699 + 14970. Let z = i + -144. Is z prime?
False
Let h = 3053 - 5826. Let c = h + 10832. Is c composite?
False
Let j = -68370 + 234611. Is j a composite number?
True
Suppose -76*d - 142 = -78*d. Let h(y) = 11*y - d*y + 128*y + 111*y. Is h(1) prime?
True
Let w(v) = v**3 + v**2 - 15*v + 6. Let z be w(3). Is 6 - 2 - -9288 - (2 + z) prime?
True
Is (-10 - 2 - -15116) + (-6)/(-2) prime?
True
Suppose 421 = -7*b + 414. Is b + 1/(2 - 12831/6417) a prime number?
False
Let m be 166/(-12)*-2 + (-53)/(-159). Suppose 0 = 2*c - m + 12. Let q(h) = 2*h**3 - 7*h**2 + 2*h - 9. Is q(c) prime?
False
Suppose 139*b - 137*b + v - 1034914 = 0, 1552319 = 3*b - 5*v. Is b a composite number?
True
Is (66/(-18)*-278 - 2/6)*5 composite?
True
Let y(r) = -8793 - r**3 + 8806 + 17*r - 4*r**2 + 2*r**3. Is y(15) a composite number?
True
Let c = 1541555 + -799900. Is c a composite number?
True
Let w(j) = 4*j**2 - 29*j + 28. Let l be w(17). Let i = -486 + 1596. Suppose -r + l = -i. Is r a prime number?
True
Let s(h) = -13*h**3 - 6*h + 4. Suppose -4*f + 34 = -q - f, 5*q = 4*f - 214. Let i = 43 + q. Is s(i) prime?
True
Suppose 68*s - 369336 = 56*s. Is (-1 - s)/(-7)*(-2)/(-2) prime?
True
Suppose -6*b = -4*b, 4*r - 4*b = 152780. Is r composite?
True
Let x(j) = 28411*j**3 + 17*j**2 + 37*j - 277. Is x(6) prime?
True
Suppose 5*i - s - 25 = -3*s, -5*i = -5*s + 10. Let c = 431 + 80. Suppose 0 = -i*r + r + 3*t + c, -1007 = -4*r + t. Is r a prime number?
True
Suppose -23*k + 386462 = -22*k - 3*v, 2*k = -v + 772945. Is k a composite number?
False
Is (-612113)/(-10) + -12 + 2691/230 composite?
False
Let z(s) = 57*s**3 + 7*s**2 - 21*s + 57. Let w be z(4). Let i = 3251 - 5227. Let l = w + i. Is l prime?
False
Is 12/(-1) - (-5808356)/748 - 2/11 prime?
True
Is 109209*((-200)/24 + 8)*-1 prime?
False
Let i = 41 - 53. Is (-9345)/i - 13/(-52) a prime number?
False
Let z = -41 + 43. Let j = -1 + z. Is (373/4)/(j/4) a prime number?
True
Let d = -28 - -39. Suppose 2*x = 4*x + g - 11, 0 = 3*x - 4*g - d. Suppose 0 = x*h - 74 - 81. Is h prime?
True
Let i(m) = -m**2 - 7*m - 8. Let p be i(-5). Suppose p*g - 11 = u, -2*u - 3 = u. Is g/3 - 2 - 118/(-3) prime?
False
Suppose 4*y - 3*k - 35296 = k, 0 = 5*k - 5. Suppose -u = -2*n + y, -17640 = n - 5*n + 4*u. Is n prime?
False
Let l = -10047 - -18481. Is l prime?
False
Suppose 30*z - 38*z + 40 = 0. Suppose -3*s + 968 = -4*t - 14529, -z*s + 25807 = 4*t. Is s prime?
False
Is (-55)/44 + 302772/16 a composite number?
True
Suppose -3*h = 5*c - 75, -h + 4*c + 72 = h. Suppose -2 = 29*b - h*b. Is (-69435)/15*-1*b/6 prime?
True
Suppose 3*s = -4*f + 603854 + 28401, 0 = 3*s + 2*f - 632263. Is s prime?
False
Suppose 2*x - 21*y - 347001 = -26*y, -3*x = -3*y - 520554. Suppose -x = -16*r - 729. Is r prime?
True
Suppose 5 = -5*j, 2*j = -3*i + 6 + 1. Suppose -i*n = 5*n + 32. Is n + 1*(-1202)/(-2) prime?
False
Let y(m) be the first derivative of 1156*m**3/3 - 9*m**2 - 3*m + 126. Is y(3) a prime number?
False
Let p(n) = 4845*n + 1928. Is p(5) a composite number?
False
Let o(t) = t**3 + 8*t**2 + 3*t - 11. Let z be o(-7). Suppose -z*j + 15*j = -3122. Is j composite?
True
Let y = -4567 - -6630. Is y prime?
True
Let i(n) = n**3 - n**2 - 5*n + 4. Let k be i(3). Suppose k*r - 311 = 23748. Is r composite?
True
Suppose 4*o = 47*h - 52*h + 66835, 4*o - 3*h - 66875 = 0. Is o prime?
False
Suppose 3*k = 4*k + 3*d + 9, 4*k + 5*d = -36. Let h(l) = 78*l**2 + l - 2. Let s be h(k). Suppose s = 5*y + 6*q - 5*q, y = 4*q + 1274. Is y prime?
False
Let n = -25503 - -53036. Is n prime?
False
Is (90/12 + -9)*507890/(-15) a composite number?
False
Suppose -2*d + 5 = -3*d, -5*b + 130 = -5*d. Is (-6671)/b*(2 + 1)*-1 a prime number?
True
Suppose 8*x - 59 = 53. Suppose -19*h = -x*h - 11005. Is h a composite number?
True
Suppose -5*p + 1013469 = 4*z, -1620*z + 1619*z = -3*p - 253346. Is z composite?
False
Suppose 5*h - 77141 = 2*d, 22*h - d - 15430 = 21*h. Is h prime?
True
Let k(x) = 4*x - 45. Let m(a) = -a + 1. Let q(u) = k(u) + m(u). Let c be q(7). Let s(h) = h**2 - 20*h + 2. Is s(c) a prime number?
True
Suppose 33*r - 11363048 - 2426004 = -1835891. Is r a prime number?
False
Let h(t) = 5384*t**2 - 5 + 3*t - 1424*t**2 + 907*t**2 + 2. Is h(-1) a composite number?
False
Let r(p) = -p**3 - p**2 + 77361. Let h be r(0). Is 2*6/78 - h/(-13) prime?
False
Suppose 6 - 30 = -3*k. Let b be (12/(-10))/((-6)/(-15)). Is (-12)/k*3514/b prime?
False
Let w(v) = 16*v**3 - 7*v**2 - 2*v - 3. Let z be w(7). Let y be ((-162)/36)/((-3)/z). Suppose -3*i + y = -3*c, -4*i + 10248 = -c + 5*c. Is i a prime number?
False
Let f(t) = 47*t**2 + 178*t + 29. Is f(-14) a prime number?
False
Let t be 4/2 + 9 + (4 - 7). Let o be 2/t - (-600)/(-96). Is 4/(-24)*2 - 15128/o a prime number?
True
Let u be (-1)/4 + (-145)/(-20). Let c(t) be the third derivative of t**6/60 - t**5/60 - 7*t**4/12 - 5*t**3/3 + 3*t**2. Is c(u) prime?
False
Let b = 565999 + -402158. Is b composite?
False
Let l = -318 + 320. Is ((-196700)/(-150))/(16/6 - l) a composite number?
True
Let g be 0/(-4*1/2). Suppose 25 = 5*p, -5*p - 39843 = -4*c - g*c. Is c a prime number?
True
Let l = 730787 + -410013. Is l a prime number?
False
Suppose 21 = -3